{"id":14,"date":"2022-11-13T19:02:23","date_gmt":"2022-11-13T19:02:23","guid":{"rendered":"http:\/\/atletismoplayamelilla.com\/?page_id=14"},"modified":"2024-09-18T19:55:04","modified_gmt":"2024-09-18T19:55:04","slug":"horarios-y-coutas","status":"publish","type":"page","link":"https:\/\/atletismoplayamelilla.com\/?page_id=14","title":{"rendered":"Horarios y Cuotas"},"content":{"rendered":"\n<p>Las actividades se desarrollan en el Estadio \u00c1lvarez Claro que cuenta con una pista de atletismo.<\/p>\n\n\n\n<figure class=\"wp-block-image size-full\"><img loading=\"lazy\" decoding=\"async\" width=\"1024\" height=\"763\" src=\"https:\/\/atletismoplayamelilla.com\/wp-content\/uploads\/2023\/08\/estadio-2019-1024x763-1.jpg\" alt=\"\" class=\"wp-image-103\" srcset=\"https:\/\/atletismoplayamelilla.com\/wp-content\/uploads\/2023\/08\/estadio-2019-1024x763-1.jpg 1024w, https:\/\/atletismoplayamelilla.com\/wp-content\/uploads\/2023\/08\/estadio-2019-1024x763-1-300x224.jpg 300w, https:\/\/atletismoplayamelilla.com\/wp-content\/uploads\/2023\/08\/estadio-2019-1024x763-1-768x572.jpg 768w\" sizes=\"auto, (max-width: 1024px) 100vw, 1024px\" \/><\/figure>\n\n\n\n<p><strong>Horarios<\/strong><\/p>\n\n\n\n<p>Lunes Mi\u00e9rcoles y Viernes de 17:00 a 18:00 para las categor\u00edas sub 8 sub 10 y sub 12 y de 18:00 a 19:00 par las categor\u00edas sub 14 y sub 16.<\/p>\n\n\n\n<p>La temporada va desde la segunda semana de septiembre hasta la primera de junio del a\u00f1o siguiente<\/p>\n\n\n\n<p><strong>Cuotas<\/strong><\/p>\n\n\n\n<p>Una cuota \u00fanica anual de 165 \u20ac en concepto de escuela y que incluye 35 \u20ac para la licencia anual y el seguro de accidentes obligatorio. Esta cuota deber\u00e1 abonarse al inicio de la actividad MEDIANTE TRASFERENCIA BANCARIA<\/p>\n","protected":false},"excerpt":{"rendered":"<p>Las actividades se desarrollan en el Estadio \u00c1lvarez Claro que<\/p>\n","protected":false},"author":1,"featured_media":0,"parent":0,"menu_order":0,"comment_status":"closed","ping_status":"closed","template":"","meta":{"footnotes":""},"class_list":["post-14","page","type-page","status-publish","hentry"],"_links":{"self":[{"href":"https:\/\/atletismoplayamelilla.com\/index.php?rest_route=\/wp\/v2\/pages\/14","targetHints":{"allow":["GET"]}}],"collection":[{"href":"https:\/\/atletismoplayamelilla.com\/index.php?rest_route=\/wp\/v2\/pages"}],"about":[{"href":"https:\/\/atletismoplayamelilla.com\/index.php?rest_route=\/wp\/v2\/types\/page"}],"author":[{"embeddable":true,"href":"https:\/\/atletismoplayamelilla.com\/index.php?rest_route=\/wp\/v2\/users\/1"}],"replies":[{"embeddable":true,"href":"https:\/\/atletismoplayamelilla.com\/index.php?rest_route=%2Fwp%2Fv2%2Fcomments&post=14"}],"version-history":[{"count":3,"href":"https:\/\/atletismoplayamelilla.com\/index.php?rest_route=\/wp\/v2\/pages\/14\/revisions"}],"predecessor-version":[{"id":427,"href":"https:\/\/atletismoplayamelilla.com\/index.php?rest_route=\/wp\/v2\/pages\/14\/revisions\/427"}],"wp:attachment":[{"href":"https:\/\/atletismoplayamelilla.com\/index.php?rest_route=%2Fwp%2Fv2%2Fmedia&parent=14"}],"curies":[{"name":"wp","href":"https:\/\/api.w.org\/{rel}","templated":true}]}}

<p>Las actividades se desarrollan en el Estadio Álvarez Claro que cuenta con una pista de atletismo.</p>



<figure class="wp-block-image size-full"><img loading="lazy" decoding="async" width="1024" height="763" src="https://atletismoplayamelilla.com/wp-content/uploads/2023/08/estadio-2019-1024x763-1.jpg" alt="" class="wp-image-103" srcset="https://atletismoplayamelilla.com/wp-content/uploads/2023/08/estadio-2019-1024x763-1.jpg 1024w, https://atletismoplayamelilla.com/wp-content/uploads/2023/08/estadio-2019-1024x763-1-300x224.jpg 300w, https://atletismoplayamelilla.com/wp-content/uploads/2023/08/estadio-2019-1024x763-1-768x572.jpg 768w" sizes="auto, (max-width: 1024px) 100vw, 1024px" /></figure>



<p><strong>Horarios</strong></p>



<p>Lunes Miércoles y Viernes de 17:00 a 18:00 para las categorías sub 8 sub 10 y sub 12 y de 18:00 a 19:00 par las categorías sub 14 y sub 16.</p>



<p>La temporada va desde la segunda semana de septiembre hasta la primera de junio del año siguiente</p>



<p><strong>Cuotas</strong></p>



<p>Una cuota única anual de 165 € en concepto de escuela y que incluye 35 € para la licencia anual y el seguro de accidentes obligatorio. Esta cuota deberá abonarse al inicio de la actividad MEDIANTE TRASFERENCIA BANCARIA</p>

<p>Las actividades se desarrollan en el Estadio Álvarez Claro que</p>
