{"id":6,"date":"2022-11-13T18:58:58","date_gmt":"2022-11-13T18:58:58","guid":{"rendered":"http:\/\/atletismoplayamelilla.com\/?page_id=6"},"modified":"2023-08-29T20:46:34","modified_gmt":"2023-08-29T20:46:34","slug":"one-page-express","status":"publish","type":"page","link":"https:\/\/atletismoplayamelilla.com\/?page_id=6","title":{"rendered":"Los entrenadores"},"content":{"rendered":"\n<figure class=\"wp-block-gallery has-nested-images columns-default is-cropped wp-block-gallery-1 is-layout-flex wp-block-gallery-is-layout-flex\">\n<figure class=\"wp-block-image size-large\"><img loading=\"lazy\" decoding=\"async\" width=\"766\" height=\"1024\" data-id=\"141\" src=\"https:\/\/atletismoplayamelilla.com\/wp-content\/uploads\/2023\/08\/enrique-catalinas-766x1024.jpeg\" alt=\"\" class=\"wp-image-141\" srcset=\"https:\/\/atletismoplayamelilla.com\/wp-content\/uploads\/2023\/08\/enrique-catalinas-766x1024.jpeg 766w, https:\/\/atletismoplayamelilla.com\/wp-content\/uploads\/2023\/08\/enrique-catalinas-224x300.jpeg 224w, https:\/\/atletismoplayamelilla.com\/wp-content\/uploads\/2023\/08\/enrique-catalinas-768x1027.jpeg 768w, https:\/\/atletismoplayamelilla.com\/wp-content\/uploads\/2023\/08\/enrique-catalinas-1149x1536.jpeg 1149w, https:\/\/atletismoplayamelilla.com\/wp-content\/uploads\/2023\/08\/enrique-catalinas-1024x1369.jpeg 1024w, https:\/\/atletismoplayamelilla.com\/wp-content\/uploads\/2023\/08\/enrique-catalinas.jpeg 1532w\" sizes=\"auto, (max-width: 766px) 100vw, 766px\" \/><figcaption class=\"wp-element-caption\">       Enrique Jos\u00e9 Catalinas                Profesor de Educaci\u00f3n F\u00edsica    Entrenador nivel III<\/figcaption><\/figure>\n\n\n\n<figure class=\"wp-block-image size-large\"><img loading=\"lazy\" decoding=\"async\" width=\"768\" height=\"1024\" data-id=\"140\" src=\"https:\/\/atletismoplayamelilla.com\/wp-content\/uploads\/2023\/08\/alejandro-colera-768x1024.jpeg\" alt=\"\" class=\"wp-image-140\" srcset=\"https:\/\/atletismoplayamelilla.com\/wp-content\/uploads\/2023\/08\/alejandro-colera-768x1024.jpeg 768w, https:\/\/atletismoplayamelilla.com\/wp-content\/uploads\/2023\/08\/alejandro-colera-225x300.jpeg 225w, https:\/\/atletismoplayamelilla.com\/wp-content\/uploads\/2023\/08\/alejandro-colera-1152x1536.jpeg 1152w, https:\/\/atletismoplayamelilla.com\/wp-content\/uploads\/2023\/08\/alejandro-colera-1024x1365.jpeg 1024w, https:\/\/atletismoplayamelilla.com\/wp-content\/uploads\/2023\/08\/alejandro-colera.jpeg 1200w\" sizes=\"auto, (max-width: 768px) 100vw, 768px\" \/><figcaption class=\"wp-element-caption\">                  Alejandro Colera                        Profesor de Educaci\u00f3n f\u00edsica<\/figcaption><\/figure>\n\n\n\n<figure class=\"wp-block-image size-large\"><img loading=\"lazy\" decoding=\"async\" width=\"768\" height=\"1024\" data-id=\"142\" src=\"https:\/\/atletismoplayamelilla.com\/wp-content\/uploads\/2023\/08\/munay-768x1024.jpeg\" alt=\"\" class=\"wp-image-142\" srcset=\"https:\/\/atletismoplayamelilla.com\/wp-content\/uploads\/2023\/08\/munay-768x1024.jpeg 768w, https:\/\/atletismoplayamelilla.com\/wp-content\/uploads\/2023\/08\/munay-225x300.jpeg 225w, https:\/\/atletismoplayamelilla.com\/wp-content\/uploads\/2023\/08\/munay-1152x1536.jpeg 1152w, https:\/\/atletismoplayamelilla.com\/wp-content\/uploads\/2023\/08\/munay-1024x1365.jpeg 1024w, https:\/\/atletismoplayamelilla.com\/wp-content\/uploads\/2023\/08\/munay.jpeg 1500w\" sizes=\"auto, (max-width: 768px) 100vw, 768px\" \/><figcaption class=\"wp-element-caption\">        Nour Elaine Sbai \u00abMuny\u00bb         Entrenador nivel II<\/figcaption><\/figure>\n<\/figure>\n","protected":false},"excerpt":{"rendered":"","protected":false},"author":1,"featured_media":0,"parent":0,"menu_order":0,"comment_status":"closed","ping_status":"closed","template":"","meta":{"footnotes":""},"class_list":["post-6","page","type-page","status-publish","hentry"],"_links":{"self":[{"href":"https:\/\/atletismoplayamelilla.com\/index.php?rest_route=\/wp\/v2\/pages\/6","targetHints":{"allow":["GET"]}}],"collection":[{"href":"https:\/\/atletismoplayamelilla.com\/index.php?rest_route=\/wp\/v2\/pages"}],"about":[{"href":"https:\/\/atletismoplayamelilla.com\/index.php?rest_route=\/wp\/v2\/types\/page"}],"author":[{"embeddable":true,"href":"https:\/\/atletismoplayamelilla.com\/index.php?rest_route=\/wp\/v2\/users\/1"}],"replies":[{"embeddable":true,"href":"https:\/\/atletismoplayamelilla.com\/index.php?rest_route=%2Fwp%2Fv2%2Fcomments&post=6"}],"version-history":[{"count":14,"href":"https:\/\/atletismoplayamelilla.com\/index.php?rest_route=\/wp\/v2\/pages\/6\/revisions"}],"predecessor-version":[{"id":148,"href":"https:\/\/atletismoplayamelilla.com\/index.php?rest_route=\/wp\/v2\/pages\/6\/revisions\/148"}],"wp:attachment":[{"href":"https:\/\/atletismoplayamelilla.com\/index.php?rest_route=%2Fwp%2Fv2%2Fmedia&parent=6"}],"curies":[{"name":"wp","href":"https:\/\/api.w.org\/{rel}","templated":true}]}}

<figure class="wp-block-gallery has-nested-images columns-default is-cropped wp-block-gallery-1 is-layout-flex wp-block-gallery-is-layout-flex">
<figure class="wp-block-image size-large"><img loading="lazy" decoding="async" width="766" height="1024" data-id="141" src="https://atletismoplayamelilla.com/wp-content/uploads/2023/08/enrique-catalinas-766x1024.jpeg" alt="" class="wp-image-141" srcset="https://atletismoplayamelilla.com/wp-content/uploads/2023/08/enrique-catalinas-766x1024.jpeg 766w, https://atletismoplayamelilla.com/wp-content/uploads/2023/08/enrique-catalinas-224x300.jpeg 224w, https://atletismoplayamelilla.com/wp-content/uploads/2023/08/enrique-catalinas-768x1027.jpeg 768w, https://atletismoplayamelilla.com/wp-content/uploads/2023/08/enrique-catalinas-1149x1536.jpeg 1149w, https://atletismoplayamelilla.com/wp-content/uploads/2023/08/enrique-catalinas-1024x1369.jpeg 1024w, https://atletismoplayamelilla.com/wp-content/uploads/2023/08/enrique-catalinas.jpeg 1532w" sizes="auto, (max-width: 766px) 100vw, 766px" /><figcaption class="wp-element-caption">       Enrique José Catalinas                Profesor de Educación Física    Entrenador nivel III</figcaption></figure>



<figure class="wp-block-image size-large"><img loading="lazy" decoding="async" width="768" height="1024" data-id="140" src="https://atletismoplayamelilla.com/wp-content/uploads/2023/08/alejandro-colera-768x1024.jpeg" alt="" class="wp-image-140" srcset="https://atletismoplayamelilla.com/wp-content/uploads/2023/08/alejandro-colera-768x1024.jpeg 768w, https://atletismoplayamelilla.com/wp-content/uploads/2023/08/alejandro-colera-225x300.jpeg 225w, https://atletismoplayamelilla.com/wp-content/uploads/2023/08/alejandro-colera-1152x1536.jpeg 1152w, https://atletismoplayamelilla.com/wp-content/uploads/2023/08/alejandro-colera-1024x1365.jpeg 1024w, https://atletismoplayamelilla.com/wp-content/uploads/2023/08/alejandro-colera.jpeg 1200w" sizes="auto, (max-width: 768px) 100vw, 768px" /><figcaption class="wp-element-caption">                  Alejandro Colera                        Profesor de Educación física</figcaption></figure>



<figure class="wp-block-image size-large"><img loading="lazy" decoding="async" width="768" height="1024" data-id="142" src="https://atletismoplayamelilla.com/wp-content/uploads/2023/08/munay-768x1024.jpeg" alt="" class="wp-image-142" srcset="https://atletismoplayamelilla.com/wp-content/uploads/2023/08/munay-768x1024.jpeg 768w, https://atletismoplayamelilla.com/wp-content/uploads/2023/08/munay-225x300.jpeg 225w, https://atletismoplayamelilla.com/wp-content/uploads/2023/08/munay-1152x1536.jpeg 1152w, https://atletismoplayamelilla.com/wp-content/uploads/2023/08/munay-1024x1365.jpeg 1024w, https://atletismoplayamelilla.com/wp-content/uploads/2023/08/munay.jpeg 1500w" sizes="auto, (max-width: 768px) 100vw, 768px" /><figcaption class="wp-element-caption">        Nour Elaine Sbai «Muny»         Entrenador nivel II</figcaption></figure>
</figure>
